{"id":5097,"date":"2026-04-04T12:03:11","date_gmt":"2026-04-04T15:03:11","guid":{"rendered":"https:\/\/maezva.com.ar\/sitio\/?post_type=product&#038;p=5097"},"modified":"2026-04-04T12:03:30","modified_gmt":"2026-04-04T15:03:30","slug":"apple-airpods-max-usbc","status":"publish","type":"product","link":"https:\/\/maezva.com.ar\/sitio\/producto\/apple-airpods-max-usbc\/","title":{"rendered":"APPLE AIRPODS MAX USBC"},"content":{"rendered":"<p data-start=\"0\" data-end=\"63\"><strong data-start=\"0\" data-end=\"63\">Caracter\u00edsticas principales de los Apple AirPods Max USB-C:<\/strong><\/p>\n<ul data-start=\"65\" data-end=\"805\" data-is-last-node=\"\" data-is-only-node=\"\">\n<li data-section-id=\"1e7nyl\" data-start=\"65\" data-end=\"134\">Audio de alta fidelidad con drivers din\u00e1micos dise\u00f1ados por Apple<\/li>\n<li data-section-id=\"12n977c\" data-start=\"135\" data-end=\"193\">Cancelaci\u00f3n activa de ruido (ANC) de nivel profesional<\/li>\n<li data-section-id=\"1wh5dwj\" data-start=\"194\" data-end=\"265\">Modo ambiente para escuchar el entorno sin quitarte los auriculares<\/li>\n<li data-section-id=\"15yqd25\" data-start=\"266\" data-end=\"322\">Audio espacial con seguimiento din\u00e1mico de la cabeza<\/li>\n<li data-section-id=\"18ycnqm\" data-start=\"323\" data-end=\"389\">Chip Apple H1 en cada auricular para un rendimiento optimizado<\/li>\n<li data-section-id=\"pnia2v\" data-start=\"390\" data-end=\"433\">Conectividad Bluetooth r\u00e1pida y estable<\/li>\n<li data-section-id=\"1knjrty\" data-start=\"434\" data-end=\"508\">Dise\u00f1o over-ear con materiales premium (aluminio y malla transpirable)<\/li>\n<li data-section-id=\"170er3j\" data-start=\"509\" data-end=\"559\">Almohadillas intercambiables con ajuste c\u00f3modo<\/li>\n<li data-section-id=\"530peh\" data-start=\"560\" data-end=\"625\">Corona digital para control preciso de volumen y reproducci\u00f3n<\/li>\n<li data-section-id=\"1j8kce6\" data-start=\"626\" data-end=\"690\">Bater\u00eda de hasta 20 horas con ANC y audio espacial activados<\/li>\n<li data-section-id=\"10bp1ie\" data-start=\"691\" data-end=\"722\">Carga mediante puerto USB-C<\/li>\n<li data-section-id=\"9f0t25\" data-start=\"723\" data-end=\"805\" data-is-last-node=\"\">Integraci\u00f3n total con el ecosistema Apple (cambio autom\u00e1tico entre dispositivos)<\/li>\n<\/ul>\n","protected":false},"excerpt":{"rendered":"<p>Los Apple AirPods Max USB\u2011C ofrecen una experiencia de audio premium con sonido de alta fidelidad, combinando un dise\u00f1o elegante con materiales de primera calidad. Incorporan cancelaci\u00f3n activa de ruido avanzada para sumergirte completamente en tu m\u00fasica, y un modo ambiente que te permite mantenerte atento a tu entorno cuando lo necesit\u00e1s. Gracias a su conexi\u00f3n USB-C, brindan mayor compatibilidad y comodidad en la carga, siendo ideales para quienes buscan calidad, confort y tecnolog\u00eda de \u00faltima generaci\u00f3n en unos auriculares over-ear.<\/p>\n","protected":false},"featured_media":5098,"template":"","meta":[],"product_brand":[196],"product_cat":[203],"product_tag":[],"class_list":{"0":"post-5097","1":"product","2":"type-product","3":"status-publish","4":"has-post-thumbnail","6":"product_brand-apple","7":"product_cat-auriculares","9":"first","10":"onbackorder","11":"taxable","12":"shipping-taxable","13":"purchasable","14":"product-type-simple"},"_links":{"self":[{"href":"https:\/\/maezva.com.ar\/sitio\/wp-json\/wp\/v2\/product\/5097","targetHints":{"allow":["GET"]}}],"collection":[{"href":"https:\/\/maezva.com.ar\/sitio\/wp-json\/wp\/v2\/product"}],"about":[{"href":"https:\/\/maezva.com.ar\/sitio\/wp-json\/wp\/v2\/types\/product"}],"wp:featuredmedia":[{"embeddable":true,"href":"https:\/\/maezva.com.ar\/sitio\/wp-json\/wp\/v2\/media\/5098"}],"wp:attachment":[{"href":"https:\/\/maezva.com.ar\/sitio\/wp-json\/wp\/v2\/media?parent=5097"}],"wp:term":[{"taxonomy":"product_brand","embeddable":true,"href":"https:\/\/maezva.com.ar\/sitio\/wp-json\/wp\/v2\/product_brand?post=5097"},{"taxonomy":"product_cat","embeddable":true,"href":"https:\/\/maezva.com.ar\/sitio\/wp-json\/wp\/v2\/product_cat?post=5097"},{"taxonomy":"product_tag","embeddable":true,"href":"https:\/\/maezva.com.ar\/sitio\/wp-json\/wp\/v2\/product_tag?post=5097"}],"curies":[{"name":"wp","href":"https:\/\/api.w.org\/{rel}","templated":true}]}}