{"id":9230,"date":"2026-05-11T17:30:18","date_gmt":"2026-05-11T20:30:18","guid":{"rendered":"https:\/\/maezva.com.ar\/sitio\/?post_type=product&#038;p=9230"},"modified":"2026-05-11T17:30:18","modified_gmt":"2026-05-11T20:30:18","slug":"dell-alienware-16x","status":"publish","type":"product","link":"https:\/\/maezva.com.ar\/sitio\/producto\/dell-alienware-16x\/","title":{"rendered":"DELL ALIENWARE 16X"},"content":{"rendered":"<div class=\"flex max-w-full flex-col gap-4\">\n<div class=\"min-h-8 text-message relative flex w-full flex-col items-end gap-2 text-start break-words whitespace-normal outline-none keyboard-focused:focus-ring [.text-message+&amp;]:mt-1\" dir=\"auto\" data-message-author-role=\"assistant\" data-message-id=\"48c94c3a-e9c0-42a1-bcec-b21b5733eec4\" data-message-model-slug=\"gpt-5-5\">\n<div class=\"flex w-full flex-col gap-1 empty:hidden\">\n<div class=\"markdown prose dark:prose-invert wrap-break-word w-full light markdown-new-styling\">\n<ul data-start=\"0\" data-end=\"393\" data-is-last-node=\"\" data-is-only-node=\"\">\n<li data-section-id=\"5zahnw\" data-start=\"0\" data-end=\"40\">Procesador Intel Core&#x2122; Ultra 9 275HX<\/li>\n<li data-section-id=\"1c301t1\" data-start=\"41\" data-end=\"64\">Memoria RAM de 16GB<\/li>\n<li data-section-id=\"1rhoyrm\" data-start=\"65\" data-end=\"96\">Almacenamiento SSD de 512GB<\/li>\n<li data-section-id=\"hpc4fl\" data-start=\"97\" data-end=\"133\">Pantalla de 16\u201d QHD+ (2560&#215;1600)<\/li>\n<li data-section-id=\"1al7vxu\" data-start=\"134\" data-end=\"163\">Tasa de refresco de 240Hz<\/li>\n<li data-section-id=\"29b5vt\" data-start=\"164\" data-end=\"220\">Placa de video NVIDIA\u00ae GeForce RTX 5070 de 8GB GDDR7<\/li>\n<li data-section-id=\"1vbu70u\" data-start=\"221\" data-end=\"253\">Sistema operativo Windows 11<\/li>\n<li data-section-id=\"4sy8y7\" data-start=\"254\" data-end=\"302\">Dise\u00f1o premium Alienware de alto rendimiento<\/li>\n<li data-section-id=\"8f99g9\" data-start=\"303\" data-end=\"340\">Sistema de refrigeraci\u00f3n avanzado<\/li>\n<li data-section-id=\"e8tjgq\" data-start=\"341\" data-end=\"393\" data-is-last-node=\"\">Ideal para gaming, streaming y edici\u00f3n profesional<\/li>\n<\/ul>\n<\/div>\n<\/div>\n<\/div>\n<\/div>\n","protected":false},"excerpt":{"rendered":"<p>La DELL Alienware 16X es una notebook gamer de alto rendimiento dise\u00f1ada para quienes buscan potencia extrema, gr\u00e1ficos de \u00faltima generaci\u00f3n y una experiencia visual fluida. Equipada con Intel Core&#x2122; Ultra 9, pantalla 16\u201d 2.5K de 240Hz y NVIDIA\u00ae GeForce RTX 5070, ofrece el rendimiento ideal para gaming competitivo, creaci\u00f3n de contenido y multitarea avanzada. Su dise\u00f1o premium y sistema de refrigeraci\u00f3n avanzado garantizan m\u00e1xima performance en todo momento.<\/p>\n","protected":false},"featured_media":9235,"template":"","meta":[],"product_brand":[208],"product_cat":[200],"product_tag":[],"class_list":{"0":"post-9230","1":"product","2":"type-product","3":"status-publish","4":"has-post-thumbnail","6":"product_brand-dell","7":"product_cat-notebooks","9":"first","10":"onbackorder","11":"taxable","12":"shipping-taxable","13":"purchasable","14":"product-type-variable"},"_links":{"self":[{"href":"https:\/\/maezva.com.ar\/sitio\/wp-json\/wp\/v2\/product\/9230","targetHints":{"allow":["GET"]}}],"collection":[{"href":"https:\/\/maezva.com.ar\/sitio\/wp-json\/wp\/v2\/product"}],"about":[{"href":"https:\/\/maezva.com.ar\/sitio\/wp-json\/wp\/v2\/types\/product"}],"wp:featuredmedia":[{"embeddable":true,"href":"https:\/\/maezva.com.ar\/sitio\/wp-json\/wp\/v2\/media\/9235"}],"wp:attachment":[{"href":"https:\/\/maezva.com.ar\/sitio\/wp-json\/wp\/v2\/media?parent=9230"}],"wp:term":[{"taxonomy":"product_brand","embeddable":true,"href":"https:\/\/maezva.com.ar\/sitio\/wp-json\/wp\/v2\/product_brand?post=9230"},{"taxonomy":"product_cat","embeddable":true,"href":"https:\/\/maezva.com.ar\/sitio\/wp-json\/wp\/v2\/product_cat?post=9230"},{"taxonomy":"product_tag","embeddable":true,"href":"https:\/\/maezva.com.ar\/sitio\/wp-json\/wp\/v2\/product_tag?post=9230"}],"curies":[{"name":"wp","href":"https:\/\/api.w.org\/{rel}","templated":true}]}}